of 30808.
2, 3851
What are the prime factors of 322?
2, 7, 23
What are the prime factors of 94309?
94309
List the prime factors of 2346.
2, 3, 17, 23
What are the prime factors of 1040?
2, 5, 13
List the prime factors of 45649.
191, 239
List the prime factors of 11044.
2, 11, 251
List the prime factors of 7136.
2, 223
List the prime factors of 13355.
5, 2671
List the prime factors of 122486.
2, 7, 13, 673
List the prime factors of 20681.
20681
List the prime factors of 5029.
47, 107
List the prime factors of 22414.
2, 7, 1601
List the prime factors of 12119.
12119
List the prime factors of 11898.
2, 3, 661
List the prime factors of 12899.
12899
List the prime factors of 2061.
3, 229
List the prime factors of 468.
2, 3, 13
What are the prime factors of 1897?
7, 271
What are the prime factors of 394?
2, 197
List the prime factors of 1333.
31, 43
What are the prime factors of 10989?
3, 11, 37
List the prime factors of 1678.
2, 839
List the prime factors of 20352.
2, 3, 53
What are the prime factors of 153?
3, 17
What are the prime factors of 170?
2, 5, 17
What are the prime factors of 63?
3, 7
What are the prime factors of 474?
2, 3, 79
List the prime factors of 10188.
2, 3, 283
What are the prime factors of 1622?
2, 811
What are the prime factors of 3753?
3, 139
List the prime factors of 2229.
3, 743
List the prime factors of 710.
2, 5, 71
What are the prime factors of 7361?
17, 433
What are the prime factors of 1408?
2, 11
What are the prime factors of 89576?
2, 11197
List the prime factors of 67204.
2, 53, 317
What are the prime factors of 953?
953
List the prime factors of 260.
2, 5, 13
What are the prime factors of 7171?
71, 101
List the prime factors of 4000.
2, 5
List the prime factors of 744.
2, 3, 31
What are the prime factors of 2115?
3, 5, 47
What are the prime factors of 6274?
2, 3137
What are the prime factors of 32976?
2, 3, 229
List the prime factors of 7564.
2, 31, 61
What are the prime factors of 53084?
2, 23, 577
What are the prime factors of 12178?
2, 6089
List the prime factors of 738.
2, 3, 41
List the prime factors of 5424.
2, 3, 113
What are the prime factors of 8446?
2, 41, 103
List the prime factors of 2064.
2, 3, 43
List the prime factors of 36364.
2, 9091
List the prime factors of 60566.
2, 11, 2753
What are the prime factors of 89012?
2, 7, 11, 17
What are the prime factors of 31900?
2, 5, 11, 29
List the prime factors of 1627.
1627
List the prime factors of 4005.
3, 5, 89
List the prime factors of 7906.
2, 59, 67
List the prime factors of 52067.
52067
What are the prime factors of 1194?
2, 3, 199
List the prime factors of 4477.
11, 37
List the prime factors of 4074.
2, 3, 7, 97
What are the prime factors of 4820?
2, 5, 241
What are the prime factors of 52?
2, 13
What are the prime factors of 85327?
11, 7757
What are the prime factors of 2166?
2, 3, 19
List the prime factors of 7712.
2, 241
List the prime factors of 958.
2, 479
What are the prime factors of 411?
3, 137
What are the prime factors of 3991?
13, 307
List the prime factors of 90240.
2, 3, 5, 47
What are the prime factors of 3279?
3, 1093
What are the prime factors of 2205?
3, 5, 7
List the prime factors of 1740.
2, 3, 5, 29
List the prime factors of 12928.
2, 101
What are the prime factors of 99581?
99581
What are the prime factors of 4011?
3, 7, 191
List the prime factors of 13588.
2, 43, 79
What are the prime factors of 3229?
3229
List the prime factors of 928.
2, 29
List the prime factors of 481.
13, 37
List the prime factors of 40989.
3, 13, 1051
What are the prime factors of 527?
17, 31
What are the prime factors of 7?
7
List the prime factors of 49373.
97, 509
What are the prime factors of 723?
3, 241
What are the prime factors of 108496?
2, 6781
What are the prime factors of 4609?
11, 419
What are the prime factors of 5971?
7, 853
List the prime factors of 630.
2, 3, 5, 7
List the prime factors of 76907.
76907
What are the prime factors of 178?
2, 89
What are the prime factors of 3653?
13, 281
What are the prime factors of 30495?
3, 5, 19, 107
List the prime factors of 13542.
2, 3, 37, 61
What are the prime factors of 7211?
7211
List the prime factors of 144817.
144817
What are the prime factors of 26983?
11, 223
What are the prime factors of 2105?
5, 421
List the prime factors of 89656.
2, 7, 1601
What are the prime factors of 15744?
2, 3, 41
List the prime factors of 62183.
11, 5653
What are the prime factors of 18712?
2, 2339
What are the prime factors of 80941?
7, 31, 373
What are the prime factors of 71258?
2, 11, 41, 79
List the prime factors of 577.
577
List the prime factors of 36955.
5, 19, 389
List the prime factors of 935.
5, 11, 17
List the prime factors of 522.
2, 3, 29
List the prime factors of 648.
2, 3
What are the prime factors of 598?
2, 13, 23
List the prime factors of 4998.
2, 3, 7, 17
What are the prime factors of 68220?
2, 3, 5, 379
What are the prime factors of 886?
2, 443
What are the prime factors of 4089?
3, 29, 47
What are the prime factors of 13255?
5, 11, 241
List the prime factors of 16279.
73, 223
What are the prime factors of 7154?
2, 7, 73
List the prime factors of 18495.
3, 5, 137
List the prime factors of 2030.
2, 5, 7, 29
List the prime factors of 3018.
2, 3, 503
List the prime factors of 3180.
2, 3, 5, 53
What are the prime factors of 1224?
2, 3, 17
List the prime factors of 5324.
2, 11
What are the prime factors of 964?
2, 241
What are the prime factors of 2423?
2423
List the prime factors of 23651.
67, 353
List the prime factors of 22899.
3, 17, 449
What are the prime factors of 1478?
2, 739
What are the prime factors of 11444?
2, 2861
List the prime factors of 49549.
49549
List the prime factors of 1502.
2, 751
List the prime factors of 338.
2, 13
What are the prime factors of 552?
2, 3, 23
What are the prime factors of 67668?
2, 3, 5639
What are the prime factors of 6370?
2, 5, 7, 13
List the prime factors of 7653.
3, 2551
List the prime factors of 2721.
3, 907
List the prime factors of 23270.
2, 5, 13, 179
What are the prime factors of 831?
3, 277
What are the prime factors of 7396?
2, 43
List the prime factors of 53493.
3, 11, 1621
List the prime factors of 7427.
7, 1061
List the prime factors of 168.
2, 3, 7
What are the prime factors of 4199?
13, 17, 19
List the prime factors of 629.
17, 37
What are the prime factors of 8899?
11, 809
List the prime factors of 3546.
2, 3, 197
What are the prime factors of 10455?
3, 5, 17, 41
List the prime factors of 32133.
3, 10711
What are the prime factors of 663?
3, 13, 17
List the prime factors of 2600.
2, 5, 13
List the prime factors of 10716.
2, 3, 19, 47
What are the prime factors of 689?
13, 53
What are the prime factors of 57664?
2, 17, 53
List the prime factors of 1379.
7, 197
List the prime factors of 40839.
3, 13613
List the prime factors of 65177.
7, 9311
What are the prime factors of 1555?
5, 311
What are the prime factors of 2096?
2, 131
What are the prime factors of 5324?
2, 11
List the prime factors of 18167.
37, 491
List the prime factors of 436.
2, 109
List the prime factors of 41746.
2, 20873
What are the prime factors of 10496?
2, 41
List the prime factors of 3313.
3313
What are the prime factors of 1962?
2, 3, 109
What are the prime factors of 19493?
101, 193
List the prime factors of 7608.
2, 3, 317
What are the prime factors of 46076?
2, 11519
What are the prime factors of 2817?
3, 313
What are the prime factors of 276?
2, 3, 23
List the prime factors of 52521.
3, 7, 41, 61
What are the prime factors of 1758?
2, 3, 293
What are the prime factors of 415?
5, 83
List the prime factors of 225.
3, 5
What are the prime factors of 1154?
2, 577
List the prime factors of 2205.
3, 5, 7
List the prime factors of 1374.
2, 3, 229
List the prime factors of 15024.
2, 3, 313
List the prime factors of 15923.
15923
What are the prime factors of 40581?
3, 167
List the prime factors of 4572.
2, 3, 127
What are the prime factors of 6747?
3, 13, 173
List the prime factors of 23670.
2, 3, 5, 263
What are the prime factors of 65853?
3, 271
What are the prime factors of 44920?
2, 5, 1123
List the prime factors of 8839.
8839
List the prime factors of 48205.
5, 31, 311
What are the prime factors of 21557?
21557
List the prime factors of 3791.
17, 223
What are the prime f